t f(u) = -5*u - 4 + 3*u**3 + h*u**2 - 4*u**3 + 0*u. Let p(z) = z**2 - 2*z + 1. Let o be p(3). Calculate f(o).
8
Let r = -4 - -5. Let h(v) = r + v - 2*v + 4. Let y be h(3). Let z(x) = x**2 - x - 2. Calculate z(y).
0
Let z(g) = -g**3 - g**2 + 13. Let k be z(0). Let y = k + -8. Let c(a) = -a - 3. What is c(y)?
-8
Let v be (-6 + 2 + 0)*(6 - 4). Let b(z) = 2*z + 12. Determine b(v).
-4
Let k(i) be the second derivative of i**5/20 + i**4/4 - 5*i**3/6 - 2*i**2 + 3*i. Give k(-4).
0
Let t(z) = z**2 + 4*z + 5. Let l(w) = -2*w**2 + 2*w. Let x be l(-1). Determine t(x).
5
Let v(h) be the first derivative of 4/3*h**3 + 0*h**2 + 0*h + 1/60*h**5 - 1/12*h**4 - 3. Let w(i) be the third derivative of v(i). Give w(4).
6
Let w = -17 - -18. Let n(k) = -2*k**2 - 1. Let g be n(w). Let r(f) = -4*f + 2. What is r(g)?
14
Let d(o) = -o**3 + 4*o**2 + 6*o - 7. Suppose 9*y - 25 = 4*y. Let n be d(y). Let w be 52/9 + n/(-9). Let x(v) = -v**3 + 7*v**2 - 5*v - 7. What is x(w)?
-1
Suppose -6*y = 1 + 5. Let s(r) = 4*r - 4. Let o(g) = 7*g - 9. Let b(a) = 3*o(a) - 7*s(a). What is b(y)?
8
Let u(t) = 76*t**2 - 37*t**2 - 4*t - 3 - 37*t**2. Calculate u(5).
27
Let h(t) = -6*t - 7. Let j be h(-2). Let b(d) = 0*d**2 + d**3 - 1 - 5*d**2 - 6 + 3*d. What is b(j)?
8
Let a(o) be the second derivative of o**3/2 + 7*o**2/2 + 62*o. Let q(u) = -5*u**3 - 2*u**2 + u. Let t be q(1). Give a(t).
-11
Let b = 2 - 1. Let o(x) = 4*x**2 - 2*x + 1. Determine o(b).
3
Let h be 0/3*(-1)/(-2). Let r(l) = h*l + 3*l - l - 2 + 1. Determine r(2).
3
Let l(j) = 2*j + 1. Let c be l(2). Let t(w) = w**3 + c*w**2 + 0 + 2 + 2 + 6*w. Let g(d) = -d + 3. Let b be g(7). Determine t(b).
-4
Let i(v) = -3*v - 7. Suppose -5*d = -2*z + 13 - 43, -5*d - 3*z = -30. Let f be 132/(-28) + d/(-21). Calculate i(f).
8
Suppose 2*l - l = 2. Let b be 1*(-1 + 0) + 3. Let h(f) = -4 - 1 + b + f + 5*f. Give h(l).
9
Let c(t) = t**2 - t - 1. Suppose 3 + 0 = 5*b + 3*h, 2*h = 2. Give c(b).
-1
Suppose 6*o = 20 + 4. Let a(m) = -4*m + 2*m - 3*m**3 + 6 + 4*m**3 - 4*m**2. Calculate a(o).
-2
Let g(i) = -i**2 + 2*i - 1. Suppose 0 = 2*y + 3*y - 15. Calculate g(y).
-4
Let h(p) = 6*p**2 - 1 + 3*p**2 + 14*p - 16*p. Let w(o) = -o**2 - 1. Let b be w(1). Let d be (5/2 + b)*-2. Determine h(d).
10
Let d be 2/(-3)*(-18)/3. Suppose -13 = -3*q + 2*v + 3, -2*q = -d*v - 16. Let b(z) = z**2 - 5*z + 4. Determine b(q).
0
Let b be (9/(-18))/((-1)/(-10)). Let y(v) = 5*v + 4. Give y(b).
-21
Let f(b) = b**2 + 1. Let j(o) = -o**2 - 7*o + 6. Let l(g) = -2*f(g) - j(g). Let q(w) = 10*w + 86. Let v be q(-8). What is l(v)?
-2
Let d(b) = 2*b - 5*b - 5*b**2 - 2*b**3 + 2*b**2 + b**3 + 2. Give d(-3).
11
Suppose -3*d = -d + 10. Let x(y) be the third derivative of y**6/120 + y**5/10 + 5*y**4/24 - y**3/2 - 10*y**2. Determine x(d).
-3
Let d(l) = l**3 - l**2 + 4. Let o(y) = -y + 1. Let r be o(1). Calculate d(r).
4
Let i = 4 + 0. Let m(a) = a - 3. Let r be m(i). Let y(n) = -r + 2*n + 4 - 3*n. Determine y(0).
3
Let z(o) = o**2 - 3*o - 3. Suppose -q + 5*x + 35 = 6, 4*q - 41 = 5*x. What is z(q)?
1
Let b = -2 + -11. Let t = 9 + b. Let f(a) be the first derivative of a**4/4 + 4*a**3/3 + a**2 + 5*a - 2. What is f(t)?
-3
Let w(c) = 2*c - 1. Let s be ((-3)/(-9))/((-7)/(-21)). Let h be -1 + s + 4 + -5. What is w(h)?
-3
Let k(m) be the second derivative of 0 - 1/20*m**5 + 5/12*m**4 - 3*m**2 + 0*m**3 - 3*m. Calculate k(5).
-6
Let u(k) be the second derivative of 1/12*k**4 - 1/3*k**3 + 4*k + 0 + 0*k**2. What is u(3)?
3
Let x(w) = w**2 + 9*w + 7. Let u(l) = -l - 7. Let q be u(1). What is x(q)?
-1
Let m(g) = -g - 3*g + 3*g - 8 + 5. Determine m(-4).
1
Let b = 9 + -14. Let o(p) = p**2 - 2*p + 2. Let x be o(2). Let y(j) = -j**2 + 3*j - 1. Let v(d) = d**2 + 1. Let l(t) = x*v(t) + y(t). Calculate l(b).
11
Let c(o) = 3*o - 10. Let d(u) = 0*u**2 + 2*u + 7*u**2 - 4 + 9 + u**3. Let r be d(-7). Let i(n) = -7*n + 21. Let t(k) = r*c(k) - 4*i(k). Determine t(-5).
1
Let x be (3/(-5))/(11/(-110)). Let d(i) = -i**3 + 6*i**2 - i - 2. Determine d(x).
-8
Let j(b) be the second derivative of -b**5/120 - b**4/24 - b**3/2 + 8*b. Let d(v) be the second derivative of j(v). What is d(-5)?
4
Let k(d) = 2*d**2 - 2*d**3 + d**2 + 4 + 1 + d + d**3. Let m be (-6)/(8/(-4)) + 1 + 0. Calculate k(m).
-7
Let g(b) = 5*b**2 + 6*b + 5. Let z(o) = -6*o**2 - 7*o - 5. Let f(h) = -7*g(h) - 6*z(h). Let k(w) be the first derivative of f(w). Determine k(1).
2
Let m(u) = 4*u**2 - 24*u - 23. Let z(w) = -3*w**2 + 16*w + 15. Let b(n) = 5*m(n) + 7*z(n). What is b(-7)?
-3
Suppose -10*f + 1 = -19. Let o(l) be the first derivative of l + 2 + 1/2*l**f. Determine o(-1).
0
Let u(t) = 4500 + t**2 - 3*t - 4493 - 2*t. Let d = 1 + 4. Give u(d).
7
Let i(b) = -5*b - 1. Suppose 0 = -4*u + 3*f + 31, 4*u - 1 - 20 = f. Suppose -4*p = -4 - u. Determine i(p).
-11
Let q(z) = z - 2. Let h = 65 - 97. Let s be (9/(-4))/((-12)/h). Give q(s).
-8
Suppose 0 = -7*j - 14 - 84. Let z(q) = -q**2 - 15*q - 13. Determine z(j).
1
Let t(x) = -3*x + 13. Let v(y) = 5*y - 20. Let n(q) = 8*t(q) + 5*v(q). Suppose 3*d - 6*d - 18 = 0. What is n(d)?
-2
Let o = 5 + -2. Let x(r) = -56 + 116 + r**2 - 2*r - 56. What is x(o)?
7
Suppose k + 3*k - 3*i = -1, -4*i - 1 = -3*k. Let a(n) be the second derivative of -5*n**4/12 - n**3/6 + 6*n. Calculate a(k).
-4
Let l(o) = 2*o - 2. Let u be l(2). Let k be u/(2/3) - -2. Let x(n) = n**2 - 3*n - 7. Determine x(k).
3
Let o(s) be the third derivative of -s**6/120 + s**5/30 + s**4/12 - 2*s**3/3 + 15*s**2. Let y(i) = -2*i - 9. Let k be y(-6). What is o(k)?
-7
Let j(n) be the first derivative of -n**4/4 - 7*n**3/3 - 7*n**2/2 - 2*n + 11. Give j(-6).
4
Suppose 0 = 4*c - 12 - 4. Suppose 3*u + 5*r - 24 = -c, r = 3*u + 4. Let k(g) = g**3 + g + 5. Determine k(u).
5
Suppose 5*n + 5 = 35. Let j(c) = -c**3 + 7*c**2 - 7*c + 7. What is j(n)?
1
Let y(h) = h**3 + 7*h**2 + 7*h - 6. Let k(l) = -l**2 - 6*l - 6. Let z be k(-6). Determine y(z).
-12
Let l(g) = -6*g + 8. Let q(c) = -2*c + 3. Let t(m) = 4*l(m) - 11*q(m). Give t(2).
-5
Let k(j) = j + 2. Let z be 3/((-1*4)/4). Let h(l) = -3*l - 5. Let a(t) = z*h(t) - 8*k(t). What is a(-2)?
-3
Let p(t) be the third derivative of -t**6/120 - t**5/30 + t**4/24 - t**2. Let y = -1 + 4. Let n be 2/((-2)/y) - 0. Give p(n).
6
Let m = 101 + -59. Suppose -2*l = 3*i + 2*i - 70, 3*i - 5*l = m. Suppose -3*w = -3*o - 18, w = 4*o - w + i. Let b(s) = -7*s**3 - s**2 - 2*s - 1. What is b(o)?
7
Suppose 3*y + 62 = -4*x, 5*x = y - 0*x + 27. Let v = 28 + y. Let t(z) = -z**3 + 6*z**2 + 2*z - 4. What is t(v)?
8
Suppose 0 = -4*x - o + 21, 6 = -x + 5*o + 27. Let d(w) = w**3 - 5*w**2 - 6*w + 6. Give d(x).
6
Let h(i) = i**2 - 2*i - 6. Let t be 2 - 0 - (-1)/(2/6). Give h(t).
9
Let p(w) = -w - 7 + 4 + w**2 - 2*w + 4*w. What is p(-4)?
9
Suppose 5*n + 0*s - 4*s = 30, -3*n + s = -11. Let i = -7 + n. Let k(c) be the second derivative of -c**4/12 - 2*c**3/3 - c**2 + c. Give k(i).
-7
Let z(d) = -d**3 + 7*d**2 - 8*d - 8. Let m(p) = -p**3 + 7*p**2 - 7*p - 7. Let q(w) = 3*m(w) - 2*z(w). Determine q(6).
1
Let u(j) = -2 + 0*j + 0*j - 4*j + 5*j. Let y be u(6). Let a(p) = 0 + y + p + p - p. Give a(-3).
1
Let n(s) = s**2 + 3*s + 1. Let x be n(-4). Let h(o) = o + 1. Calculate h(x).
6
Let h(o) = 7*o**3 - 17*o**2 - 17. Let l(k) = 3*k**3 - 8*k**2 - 8. Let a(n) = -2*h(n) + 5*l(n). Determine a(6).
-6
Let v(i) = i + 2. Let s(g) = -4*g - 6. Let f(b) = 6*s(b) + 20*v(b). Suppose -4*d + 2 = -6. Suppose 4*j - d*k - 2 = 0, -3 - 3 = 3*j - 3*k. Give f(j).
-8
Let a(h) = h - 2. Let b = 22 + -16. What is a(b)?
4
Suppose 0 = 2*v, -2*z = -5*z + 4*v + 21. Let w(l) = l**2 - 202*l - 2*l**2 - 6 + 211*l. Give w(z).
8
Let r(b) = 3*b**2 + b + 1. Let a = 3 + 14. Suppose -2*u + a = 1. Let i = u - 9. Determine r(i).
3
Let g = -32 + 24. Let n(p) = -p**3 - 7*p**2 + 8*p + 10. Give n(g).
10
Let v(a) = 7*a - 12. Let n(o) = 6*o - 12. Let b = -9 + 3. Let m(u) = b*n(u) + 5*v(u). Calculate m(6).
6
Let a(d) be the second derivative of -d**3/2 + 5*d**2/2 - 24*d. Give a(5).
-10
Let r(i) = -4*i**3 + 1 + 11*i**2 - 7*i**2 - 5*i**2. Calculate r(-1).
4
Let k(q) be the third derivative of 17*q**6/120 + q**5/60 - q**4/24 - q**3/6 - 45*q**2. Give k(-1).
-16
Suppose -1 = 2*m + 5. Let c be 12/(-9) - (-2)/m. Let t(i) be the second derivative of i**4/12 - i**3/2 - 3*i**2/2 + 5*i. Give t(c).
7
Let c = -7 + 14. Let t(d) = -6*d**2 + 3*d + 